{"id":318,"date":"2020-02-23T23:08:39","date_gmt":"2020-02-23T21:08:39","guid":{"rendered":"http:\/\/www.pyhtaankisa.fi\/wordpress\/?page_id=318"},"modified":"2020-02-23T23:08:39","modified_gmt":"2020-02-23T21:08:39","slug":"pyhtaan-kisalaisille-alennusta-intersportista","status":"publish","type":"page","link":"https:\/\/www.pyhtaankisa.fi\/pyhtaankisa\/?page_id=318","title":{"rendered":"Pyht\u00e4\u00e4n Kisalaisille alennusta Intersportista"},"content":{"rendered":"\n<figure class=\"wp-block-image size-large\"><img loading=\"lazy\" decoding=\"async\" width=\"724\" height=\"1024\" src=\"http:\/\/www.pyhtaankisa.fi\/wordpress\/wp-content\/uploads\/2020\/02\/intersport-724x1024.jpg\" alt=\"\" class=\"wp-image-319\" srcset=\"https:\/\/www.pyhtaankisa.fi\/pyhtaankisa\/wp-content\/uploads\/2020\/02\/intersport-724x1024.jpg 724w, https:\/\/www.pyhtaankisa.fi\/pyhtaankisa\/wp-content\/uploads\/2020\/02\/intersport-212x300.jpg 212w, https:\/\/www.pyhtaankisa.fi\/pyhtaankisa\/wp-content\/uploads\/2020\/02\/intersport-768x1086.jpg 768w, https:\/\/www.pyhtaankisa.fi\/pyhtaankisa\/wp-content\/uploads\/2020\/02\/intersport.jpg 849w\" sizes=\"auto, (max-width: 724px) 100vw, 724px\" \/><\/figure>\n","protected":false},"excerpt":{"rendered":"","protected":false},"author":1,"featured_media":0,"parent":0,"menu_order":0,"comment_status":"closed","ping_status":"closed","template":"","meta":{"footnotes":""},"class_list":["post-318","page","type-page","status-publish","hentry"],"yoast_head":"<!-- This site is optimized with the Yoast SEO plugin v27.4 - https:\/\/yoast.com\/product\/yoast-seo-wordpress\/ -->\n<title>Pyht\u00e4\u00e4n Kisalaisille alennusta Intersportista - Pyht\u00e4\u00e4n Kisa ry<\/title>\n<meta name=\"robots\" content=\"index, follow, max-snippet:-1, max-image-preview:large, max-video-preview:-1\" \/>\n<link rel=\"canonical\" href=\"https:\/\/www.pyhtaankisa.fi\/pyhtaankisa\/?page_id=318\" \/>\n<meta property=\"og:locale\" content=\"en_US\" \/>\n<meta property=\"og:type\" content=\"article\" \/>\n<meta property=\"og:title\" content=\"Pyht\u00e4\u00e4n Kisalaisille alennusta Intersportista - Pyht\u00e4\u00e4n Kisa ry\" \/>\n<meta property=\"og:url\" content=\"https:\/\/www.pyhtaankisa.fi\/pyhtaankisa\/?page_id=318\" \/>\n<meta property=\"og:site_name\" content=\"Pyht\u00e4\u00e4n Kisa ry\" \/>\n<meta property=\"og:image\" content=\"http:\/\/www.pyhtaankisa.fi\/wordpress\/wp-content\/uploads\/2020\/02\/intersport-724x1024.jpg\" \/>\n<meta name=\"twitter:card\" content=\"summary_large_image\" \/>\n<script type=\"application\/ld+json\" class=\"yoast-schema-graph\">{\"@context\":\"https:\\\/\\\/schema.org\",\"@graph\":[{\"@type\":\"WebPage\",\"@id\":\"https:\\\/\\\/www.pyhtaankisa.fi\\\/pyhtaankisa\\\/?page_id=318\",\"url\":\"https:\\\/\\\/www.pyhtaankisa.fi\\\/pyhtaankisa\\\/?page_id=318\",\"name\":\"Pyht\u00e4\u00e4n Kisalaisille alennusta Intersportista - Pyht\u00e4\u00e4n Kisa ry\",\"isPartOf\":{\"@id\":\"https:\\\/\\\/www.pyhtaankisa.fi\\\/pyhtaankisa\\\/#website\"},\"primaryImageOfPage\":{\"@id\":\"https:\\\/\\\/www.pyhtaankisa.fi\\\/pyhtaankisa\\\/?page_id=318#primaryimage\"},\"image\":{\"@id\":\"https:\\\/\\\/www.pyhtaankisa.fi\\\/pyhtaankisa\\\/?page_id=318#primaryimage\"},\"thumbnailUrl\":\"http:\\\/\\\/www.pyhtaankisa.fi\\\/wordpress\\\/wp-content\\\/uploads\\\/2020\\\/02\\\/intersport-724x1024.jpg\",\"datePublished\":\"2020-02-23T21:08:39+00:00\",\"breadcrumb\":{\"@id\":\"https:\\\/\\\/www.pyhtaankisa.fi\\\/pyhtaankisa\\\/?page_id=318#breadcrumb\"},\"inLanguage\":\"en-US\",\"potentialAction\":[{\"@type\":\"ReadAction\",\"target\":[\"https:\\\/\\\/www.pyhtaankisa.fi\\\/pyhtaankisa\\\/?page_id=318\"]}]},{\"@type\":\"ImageObject\",\"inLanguage\":\"en-US\",\"@id\":\"https:\\\/\\\/www.pyhtaankisa.fi\\\/pyhtaankisa\\\/?page_id=318#primaryimage\",\"url\":\"http:\\\/\\\/www.pyhtaankisa.fi\\\/wordpress\\\/wp-content\\\/uploads\\\/2020\\\/02\\\/intersport-724x1024.jpg\",\"contentUrl\":\"http:\\\/\\\/www.pyhtaankisa.fi\\\/wordpress\\\/wp-content\\\/uploads\\\/2020\\\/02\\\/intersport-724x1024.jpg\"},{\"@type\":\"BreadcrumbList\",\"@id\":\"https:\\\/\\\/www.pyhtaankisa.fi\\\/pyhtaankisa\\\/?page_id=318#breadcrumb\",\"itemListElement\":[{\"@type\":\"ListItem\",\"position\":1,\"name\":\"Home\",\"item\":\"https:\\\/\\\/www.pyhtaankisa.fi\\\/pyhtaankisa\\\/\"},{\"@type\":\"ListItem\",\"position\":2,\"name\":\"Pyht\u00e4\u00e4n Kisalaisille alennusta Intersportista\"}]},{\"@type\":\"WebSite\",\"@id\":\"https:\\\/\\\/www.pyhtaankisa.fi\\\/pyhtaankisa\\\/#website\",\"url\":\"https:\\\/\\\/www.pyhtaankisa.fi\\\/pyhtaankisa\\\/\",\"name\":\"Pyht\u00e4\u00e4n Kisa ry\",\"description\":\"\",\"publisher\":{\"@id\":\"https:\\\/\\\/www.pyhtaankisa.fi\\\/pyhtaankisa\\\/#organization\"},\"potentialAction\":[{\"@type\":\"SearchAction\",\"target\":{\"@type\":\"EntryPoint\",\"urlTemplate\":\"https:\\\/\\\/www.pyhtaankisa.fi\\\/pyhtaankisa\\\/?s={search_term_string}\"},\"query-input\":{\"@type\":\"PropertyValueSpecification\",\"valueRequired\":true,\"valueName\":\"search_term_string\"}}],\"inLanguage\":\"en-US\"},{\"@type\":\"Organization\",\"@id\":\"https:\\\/\\\/www.pyhtaankisa.fi\\\/pyhtaankisa\\\/#organization\",\"name\":\"Pyht\u00e4\u00e4n Kisa ry\",\"url\":\"https:\\\/\\\/www.pyhtaankisa.fi\\\/pyhtaankisa\\\/\",\"logo\":{\"@type\":\"ImageObject\",\"inLanguage\":\"en-US\",\"@id\":\"https:\\\/\\\/www.pyhtaankisa.fi\\\/pyhtaankisa\\\/#\\\/schema\\\/logo\\\/image\\\/\",\"url\":\"https:\\\/\\\/www.pyhtaankisa.fi\\\/pyhtaankisa\\\/wp-content\\\/uploads\\\/2020\\\/02\\\/logo_2-1.gif\",\"contentUrl\":\"https:\\\/\\\/www.pyhtaankisa.fi\\\/pyhtaankisa\\\/wp-content\\\/uploads\\\/2020\\\/02\\\/logo_2-1.gif\",\"width\":100,\"height\":100,\"caption\":\"Pyht\u00e4\u00e4n Kisa ry\"},\"image\":{\"@id\":\"https:\\\/\\\/www.pyhtaankisa.fi\\\/pyhtaankisa\\\/#\\\/schema\\\/logo\\\/image\\\/\"}}]}<\/script>\n<!-- \/ Yoast SEO plugin. -->","yoast_head_json":{"title":"Pyht\u00e4\u00e4n Kisalaisille alennusta Intersportista - Pyht\u00e4\u00e4n Kisa ry","robots":{"index":"index","follow":"follow","max-snippet":"max-snippet:-1","max-image-preview":"max-image-preview:large","max-video-preview":"max-video-preview:-1"},"canonical":"https:\/\/www.pyhtaankisa.fi\/pyhtaankisa\/?page_id=318","og_locale":"en_US","og_type":"article","og_title":"Pyht\u00e4\u00e4n Kisalaisille alennusta Intersportista - Pyht\u00e4\u00e4n Kisa ry","og_url":"https:\/\/www.pyhtaankisa.fi\/pyhtaankisa\/?page_id=318","og_site_name":"Pyht\u00e4\u00e4n Kisa ry","og_image":[{"url":"http:\/\/www.pyhtaankisa.fi\/wordpress\/wp-content\/uploads\/2020\/02\/intersport-724x1024.jpg","type":"","width":"","height":""}],"twitter_card":"summary_large_image","schema":{"@context":"https:\/\/schema.org","@graph":[{"@type":"WebPage","@id":"https:\/\/www.pyhtaankisa.fi\/pyhtaankisa\/?page_id=318","url":"https:\/\/www.pyhtaankisa.fi\/pyhtaankisa\/?page_id=318","name":"Pyht\u00e4\u00e4n Kisalaisille alennusta Intersportista - Pyht\u00e4\u00e4n Kisa ry","isPartOf":{"@id":"https:\/\/www.pyhtaankisa.fi\/pyhtaankisa\/#website"},"primaryImageOfPage":{"@id":"https:\/\/www.pyhtaankisa.fi\/pyhtaankisa\/?page_id=318#primaryimage"},"image":{"@id":"https:\/\/www.pyhtaankisa.fi\/pyhtaankisa\/?page_id=318#primaryimage"},"thumbnailUrl":"http:\/\/www.pyhtaankisa.fi\/wordpress\/wp-content\/uploads\/2020\/02\/intersport-724x1024.jpg","datePublished":"2020-02-23T21:08:39+00:00","breadcrumb":{"@id":"https:\/\/www.pyhtaankisa.fi\/pyhtaankisa\/?page_id=318#breadcrumb"},"inLanguage":"en-US","potentialAction":[{"@type":"ReadAction","target":["https:\/\/www.pyhtaankisa.fi\/pyhtaankisa\/?page_id=318"]}]},{"@type":"ImageObject","inLanguage":"en-US","@id":"https:\/\/www.pyhtaankisa.fi\/pyhtaankisa\/?page_id=318#primaryimage","url":"http:\/\/www.pyhtaankisa.fi\/wordpress\/wp-content\/uploads\/2020\/02\/intersport-724x1024.jpg","contentUrl":"http:\/\/www.pyhtaankisa.fi\/wordpress\/wp-content\/uploads\/2020\/02\/intersport-724x1024.jpg"},{"@type":"BreadcrumbList","@id":"https:\/\/www.pyhtaankisa.fi\/pyhtaankisa\/?page_id=318#breadcrumb","itemListElement":[{"@type":"ListItem","position":1,"name":"Home","item":"https:\/\/www.pyhtaankisa.fi\/pyhtaankisa\/"},{"@type":"ListItem","position":2,"name":"Pyht\u00e4\u00e4n Kisalaisille alennusta Intersportista"}]},{"@type":"WebSite","@id":"https:\/\/www.pyhtaankisa.fi\/pyhtaankisa\/#website","url":"https:\/\/www.pyhtaankisa.fi\/pyhtaankisa\/","name":"Pyht\u00e4\u00e4n Kisa ry","description":"","publisher":{"@id":"https:\/\/www.pyhtaankisa.fi\/pyhtaankisa\/#organization"},"potentialAction":[{"@type":"SearchAction","target":{"@type":"EntryPoint","urlTemplate":"https:\/\/www.pyhtaankisa.fi\/pyhtaankisa\/?s={search_term_string}"},"query-input":{"@type":"PropertyValueSpecification","valueRequired":true,"valueName":"search_term_string"}}],"inLanguage":"en-US"},{"@type":"Organization","@id":"https:\/\/www.pyhtaankisa.fi\/pyhtaankisa\/#organization","name":"Pyht\u00e4\u00e4n Kisa ry","url":"https:\/\/www.pyhtaankisa.fi\/pyhtaankisa\/","logo":{"@type":"ImageObject","inLanguage":"en-US","@id":"https:\/\/www.pyhtaankisa.fi\/pyhtaankisa\/#\/schema\/logo\/image\/","url":"https:\/\/www.pyhtaankisa.fi\/pyhtaankisa\/wp-content\/uploads\/2020\/02\/logo_2-1.gif","contentUrl":"https:\/\/www.pyhtaankisa.fi\/pyhtaankisa\/wp-content\/uploads\/2020\/02\/logo_2-1.gif","width":100,"height":100,"caption":"Pyht\u00e4\u00e4n Kisa ry"},"image":{"@id":"https:\/\/www.pyhtaankisa.fi\/pyhtaankisa\/#\/schema\/logo\/image\/"}}]}},"_links":{"self":[{"href":"https:\/\/www.pyhtaankisa.fi\/pyhtaankisa\/index.php?rest_route=\/wp\/v2\/pages\/318","targetHints":{"allow":["GET"]}}],"collection":[{"href":"https:\/\/www.pyhtaankisa.fi\/pyhtaankisa\/index.php?rest_route=\/wp\/v2\/pages"}],"about":[{"href":"https:\/\/www.pyhtaankisa.fi\/pyhtaankisa\/index.php?rest_route=\/wp\/v2\/types\/page"}],"author":[{"embeddable":true,"href":"https:\/\/www.pyhtaankisa.fi\/pyhtaankisa\/index.php?rest_route=\/wp\/v2\/users\/1"}],"replies":[{"embeddable":true,"href":"https:\/\/www.pyhtaankisa.fi\/pyhtaankisa\/index.php?rest_route=%2Fwp%2Fv2%2Fcomments&post=318"}],"version-history":[{"count":0,"href":"https:\/\/www.pyhtaankisa.fi\/pyhtaankisa\/index.php?rest_route=\/wp\/v2\/pages\/318\/revisions"}],"wp:attachment":[{"href":"https:\/\/www.pyhtaankisa.fi\/pyhtaankisa\/index.php?rest_route=%2Fwp%2Fv2%2Fmedia&parent=318"}],"curies":[{"name":"wp","href":"https:\/\/api.w.org\/{rel}","templated":true}]}}